igit of t?
2
Let w(k) = 18*k**2 + 4*k + 1. Suppose -19*b - 8 = -23*b. What is the units digit of w(b)?
1
Let b(n) = 20*n**2 - 20*n + 111. What is the units digit of b(5)?
1
Let o = 0 - -4. Suppose 36 = o*d - 0*d. Suppose -3*g = -6 - d. What is the units digit of g?
5
Let i(n) = -43*n**2 + 0*n + 17*n**2 + 1 - 2 + 6*n. Let k be i(4). What is the tens digit of 4/14 - k/21?
1
Suppose 4*s + 4*c = 21 + 19, -5*c + 20 = -s. Suppose 21 = k - s. Suppose -a + 4*l = -k, 4*a - 26 = -5*l + 36. What is the units digit of a?
8
Let t(j) = j**3 + 11*j**2 + j + 15. Let v be t(-11). What is the units digit of -1 + 6/8*v + 43?
5
Let g(b) = -332*b - 31. What is the units digit of g(-2)?
3
Suppose -55 = 4*n - 1099. What is the units digit of n?
1
Suppose d - 3 = 4*d. Let l be 1 + (1 - -1 - d). Suppose -l*y = y - 210. What is the tens digit of y?
4
Let y(g) be the second derivative of -g**3 + 13*g**2/2 + 5*g. Let u be y(-6). Let c = -33 + u. What is the units digit of c?
6
Let u(r) = -r**3 + r**2 - 4. Let b be u(0). What is the tens digit of 1*(b - -5)*37?
3
Suppose -163 = -11*i - 31. Suppose 3036 = 10*u + i*u. What is the units digit of u?
8
Let r(x) = -5*x + 30. Let k = -19 - -31. Let l be r(k). Let z = 77 + l. What is the tens digit of z?
4
Suppose -1083 + 211 = -4*h. Let p = h + -92. What is the tens digit of p/(-24)*16/(-6)?
1
Suppose -3*r - 3 = -5*l, -5*r + 4*l + 5 = -3. Let o = r - 0. Suppose -v = o*v + 15, 191 = 5*i - 2*v. What is the units digit of i?
7
Suppose 3*c - 688 - 1745 = 0. What is the units digit of c?
1
Let d = -4 + 2. Let f be -10*(-2 - 3/d). Suppose 3*y - 4*n = 49, -2*y = -f*n - 46 + 18. What is the tens digit of y?
1
Let t be 20/90 + 842/18. Let r = t + -18. Let u = r + -16. What is the units digit of u?
3
Let d be 5 - (-6)/(-4) - (-2)/(-4). Let x(l) = l**3 + 4*l**2 - 3*l + 2. What is the tens digit of x(d)?
5
Let t(n) = n + 158. Let s be t(0). Suppose 3*q + h - s - 33 = 0, 3*h = 2*q - 131. Suppose -1 = -3*b + 5*i + q, -2*b + i + 34 = 0. What is the tens digit of b?
1
Let t = 680 + -394. What is the hundreds digit of t?
2
Suppose -5*y - 21*y = -18720. What is the hundreds digit of y?
7
Suppose 3*z = -z. Let p = 149 - z. What is the hundreds digit of p?
1
Let x(c) = c**2 - 8*c + 4. Let d be x(8). Suppose v + 5 = 4*v - 2*k, 0 = d*v + 3*k + 16. What is the tens digit of (v - 0)*-3 + 20?
2
What is the tens digit of (138/(-24) - -6)/(1/5132)?
8
Let f = -14 + 16. Suppose 0 = i - 2*g - 3*g - f, -10 = -5*i - 2*g. Suppose 0*t - 5*p - 85 = -5*t, -i*t + p + 30 = 0. What is the units digit of t?
3
Let m be 647/(-1) + 4 + -5 + 3. What is the units digit of 2/(-7)*(m + 22)?
8
Let l be (-13)/52 - 68/(-16). Let q(j) = 5*j**2 - 2*j + 1. Let p be q(5). Suppose 0 = -0*s - l*s + p. What is the units digit of s?
9
Suppose 4*h - 158 = 3*c - c, h + 5*c - 12 = 0. Suppose 6*f - h = 113. What is the units digit of f?
5
Let p = 3607 + -2421. What is the hundreds digit of p?
1
Suppose -2*l + l = -5. Suppose -20 = -3*k - u, -2*u - 32 = -l*k - 4*u. Suppose -80 = -k*o + 4*o. What is the tens digit of o?
2
Let m = 40 - 20. Suppose m = -2*f + 7*f. Suppose 2*p + 62 = f*p. What is the units digit of p?
1
Let m = -14 + -1. Let u = -8 - m. Let y = 3 + u. What is the tens digit of y?
1
Let m(p) = -p**3 + 13*p**2 + 33*p - 19. What is the tens digit of m(13)?
1
Suppose p + 0 - 9 = 0. Let i be (p - (1 + 3))/1. Suppose -s + i*c = -14, 0 - 4 = 4*c. What is the units digit of s?
9
Suppose -7280 = -9*i + 9577. What is the thousands digit of i?
1
Let h(m) be the third derivative of -61*m**4/24 - 12*m**2. What is the units digit of h(-1)?
1
Let q(g) be the third derivative of -7*g**4/24 - 2*g**3 - 12*g**2. What is the tens digit of q(-12)?
7
What is the hundreds digit of ((-2342)/4 - 1)/((-65)/260)?
3
Let p = 39 + -57. Let k = 109 - p. What is the hundreds digit of k?
1
Suppose 0 = 12*q - 2884 - 992. What is the hundreds digit of q?
3
Suppose -106 = -5*x + 804. What is the hundreds digit of x?
1
What is the tens digit of (-12368)/(-12) - (-64)/(-96)?
3
Let c(b) be the third derivative of b**4/24 + b**3/6 + 6*b**2. Let n be c(1). What is the tens digit of 3 + (-26)/n*-1?
1
Let f(s) = 70*s**2 + 4*s + 7. What is the hundreds digit of f(-6)?
5
Let x be -125*(-4 + 0)/(-4). Let j = 100 - x. Suppose q - j = -4*q. What is the tens digit of q?
4
Let t be (-32)/(-6) - 4/(-6). Let w(c) = 33*c - 11. Let m(a) = -60*a + 22. Let p(j) = -4*m(j) - 7*w(j). What is the tens digit of p(t)?
4
Let o(c) = c**3 - 6*c**2 - 3. Let h be (-4 + (1 - 3))/(-1). Let b be o(h). What is the units digit of 16/(b + -1)*-2?
8
What is the tens digit of ((-1942)/7)/(18/(-630)*5)?
4
Let m(v) = -10*v + 2. Suppose -2*l + 3*z = 2*l + 16, 0 = -5*l - 2*z - 20. Let u be (-2 + l)*(-2)/(-6). What is the units digit of m(u)?
2
Let d = -85 - -89. What is the units digit of (2 + (-2)/d)*(-128)/(-12)?
6
Let d(t) = 36*t - 21. Let s be d(-2). What is the units digit of (s/6)/(4/(-16))?
2
Let a(g) = 2*g**2 + 18*g - 5. Suppose 4*j - u + 60 = 2*u, -3*u - 75 = 5*j. Let p be a(j). Let f = p + -99. What is the tens digit of f?
7
Let r be (-10)/(-4)*(0 + (-28)/(-35)). Suppose -2*t + 83 - 363 = -r*k, k + 5*t = 116. What is the units digit of k?
6
Suppose 0 = -2*z - a + 1463 - 359, 5*a = -z + 570. Suppose -4*h = h - z. What is the hundreds digit of h?
1
Let o(w) = -2*w**3 - 3*w**2 + 5*w - 4. Let r be 0 + (2 - 3)*4. What is the tens digit of o(r)?
5
Let n = 25 - 20. Let x(l) = l**3 + 6*l**2 - 8*l - 2. What is the hundreds digit of x(n)?
2
Suppose 0 = -2*u + 21 - 13. Suppose -8 = 2*m - 2*k, -u*m - 2*k = -5*k + 12. Suppose m = -4*l + 13 + 19. What is the units digit of l?
8
Let k be 63 + 0 + 1 - -1. Let b = 44 - k. Let h = b + 40. What is the units digit of h?
9
Suppose 2*c = 2*a + 346, a + 275 - 98 = -c. Let r = a - -394. What is the tens digit of r?
1
Suppose 9147 = 10*s - 3773. What is the hundreds digit of s?
2
Let k = 6575 + -3619. What is the hundreds digit of k?
9
Let p(n) = n**3 - n**2 + 4. Let u be p(0). Suppose u*r - 68 = 112. What is the units digit of r?
5
Suppose 5*q - 285 = 5*s - 3*s, 0 = -s. Let t = -42 + q. What is the tens digit of t?
1
Let k(q) = -17*q**3 + 5*q**2 + 9*q - 1. Let g(r) = -17*r**3 + 4*r**2 + 9*r. Let d(v) = 3*g(v) - 2*k(v). What is the units digit of d(-2)?
8
Let w(h) = 402*h**2 + 20*h - 36. What is the thousands digit of w(3)?
3
What is the hundreds digit of (-75)/(-125)*(1056 + -1)?
6
Let q = 16 + -14. Suppose -5*n = -3*p - 38, 4*p - q*p + 2*n = -4. Let b(v) = -3*v - 1. What is the tens digit of b(p)?
1
Let v(z) be the third derivative of z**5/10 + 7*z**4/24 - 5*z**3/6 + 35*z**2. What is the hundreds digit of v(-7)?
2
Let c = 1728 + -1512. What is the hundreds digit of c?
2
Suppose 13*j = 4*j + 684. What is the units digit of j?
6
Let z(h) = 2*h**3 - 3*h - 3*h**3 - 9*h**2 - 4*h + 0*h + 9. What is the units digit of z(-9)?
2
Suppose -3*z + 3*f + 3239 = -2*z, 6474 = 2*z - 8*f. What is the tens digit of z?
4
What is the hundreds digit of 121/((-11 + 5)/(-18))?
3
Let h be (-16)/24 - (-148)/6. What is the tens digit of (-12)/(-4)*h + -4?
6
Let j = -1931 + 2748. What is the tens digit of j?
1
Let g(o) = o**2 - o - 30. Let q be g(8). Let p = -7 - 12. Let v = p + q. What is the units digit of v?
7
Suppose 0*y + 4*y - 560 = 2*b, y = b + 142. Let q = -97 + y. What is the units digit of q?
1
Suppose -4*c + 3*c - 6 = 0. Let b be (-404)/(-28) + c/14. Suppose -u + 4 = -b. What is the units digit of u?
8
Let t(m) = -m**3 - 16*m**2 - 7*m + 17. What is the hundreds digit of t(-17)?
4
Suppose -5*d = -2*k - 290, 3*d = -2*k + k + 185. Suppose 0 = 5*a - 0*a - d. What is the units digit of (15/a)/(3/12)?
5
Let g(h) = -h + 9. Let p be g(8). Let f be 7/(-7)*(-5)/p. Suppose -60 = -0*a - 2*a - 5*u, -f*a = 3*u - 150. What is the tens digit of a?
3
Let d(s) = s**3 + 28*s**2 - 69*s - 70. What is the units digit of d(-29)?
0
Let l = 3906 + -2487. What is the hundreds digit of l?
4
Suppose 0 = 2*r + 39 - 375. Suppose j - r = -2*j. Suppose 7 = 3*w - j. What is the units digit of w?
1
Let o(l) = -2*l**3 + 5*l**2 - 8*l - 4. Let y(k) = -4*k + 5*k**2 - 2*k**3 - k - k**3 - 3 - 3*k. Let r(n) = -4*o(n) + 3*y(n). What is the units digit of r(-7)?
9
Let f be (-1)/(-1) - (-18)/(-9). Let d be -3 + f + (-3)/3. What is the units digit of (0 - d)*24/5?
4
Let r(d